) = -d**2 - 9*d - 48. Calculate h(9).
-210
Let q(h) = 7*h**2 - 22*h + 23. Give q(1).
8
Let n(z) = 852*z - 840. Give n(1).
12
Let q(k) = 3*k**2 + 89*k + 283. Calculate q(-26).
-3
Let o(d) = -240*d**2 + 11282*d - 51. Give o(47).
43
Let g(p) = -2*p**3 + 2*p**2 - 76*p + 76. Give g(1).
0
Let g(h) = h**3 - 8*h**2 - 19*h - 5. Give g(-3).
-47
Let i(c) = -c**3 - 20*c**2 + 68*c + 1663. What is i(-19)?
10
Let s(x) = x**2 + 61*x + 147. Give s(-50).
-403
Let b(k) = -k**2 + 150*k + 1121. Give b(-8).
-143
Let g(a) = 2*a**2 + 307*a + 1194. What is g(-4)?
-2
Let s(q) = -6*q + 108. Determine s(18).
0
Let a(r) = -2*r**3 + 5*r**2 + 11*r - 24. Calculate a(3).
0
Let b(x) = 16516*x - 16517. Give b(1).
-1
Let x(z) = -z**2 + 30*z + 249. Calculate x(37).
-10
Let a(z) = 47*z**2 - 218*z + 120. Calculate a(4).
0
Let b(m) = 10*m**2 + 96*m + 6. What is b(-7)?
-176
Let c(s) = -2*s**2 + 61*s - 713. Determine c(10).
-303
Let n(i) = i**3 + 9. Give n(-2).
1
Let u(l) = l**3 + 7*l**2 + l - 11. Determine u(-3).
22
Let z(g) = -15*g**2 - 470*g - 268. What is z(-31)?
-113
Let l(b) = b**2 + 41*b + 138. Calculate l(-33).
-126
Let l(p) = -6*p**2 + 38*p - 70. Calculate l(2).
-18
Let u(p) = 884*p - 4401. Determine u(5).
19
Let d(y) = -4*y**3 - 9*y**2 - 7*y + 3. What is d(-2)?
13
Let l(g) = 2*g**3 - 200*g**2 - 148*g - 5467. Calculate l(101).
-13
Let f(m) = m**3 + 22*m**2 + 96*m - 6. What is f(-16)?
-6
Let a(d) = 8*d + 151. Calculate a(-15).
31
Let t(y) = y**3 + 23*y**2 - 25*y - 4. What is t(-24)?
20
Let k(b) = 16*b + 394. Determine k(-26).
-22
Let z(p) = -649*p - 5267. Determine z(-8).
-75
Let q(v) = 1854*v - 77882. Calculate q(42).
-14
Let r(d) = 3*d**2 + 30*d - 87. Determine r(-14).
81
Let l(d) = -d**2 + 330*d - 14865. What is l(54)?
39
Let p(w) = -14*w**2 + 264*w - 966. Calculate p(5).
4
Let y(o) = -o**3 - 19*o**2 - 12*o - 79. Calculate y(-7).
-583
Let z(p) = p**3 - 25*p**2 + 101*p + 4. Calculate z(22).
774
Let u(p) = -10*p + 147. Give u(15).
-3
Let q(x) = x**2 - 35*x + 63. What is q(22)?
-223
Let m(f) = 148*f + 1587. What is m(-11)?
-41
Let l(d) = 86*d + 385. Give l(-5).
-45
Let s(h) = 2*h**2 + 314*h - 1237. What is s(4)?
51
Let t(x) = -3*x**3 + 26*x**2 + 26*x - 166. Calculate t(9).
-13
Let f(q) = -q**3 + 2*q**2 + 10*q + 8. What is f(-5)?
133
Let x(n) = 2*n**2 + n - 117. Determine x(-7).
-26
Let k(u) = 23*u - 69. Calculate k(5).
46
Let f(x) = -120*x + 9. Calculate f(-5).
609
Let k(d) = d**3 + 5*d**2 - 69. Calculate k(0).
-69
Let f(l) = -5*l**2 - 138*l - 544. Determine f(-23).
-15
Let m(h) = 8*h**3 + 69*h**2 + 73*h + 269. What is m(-8)?
5
Let o(a) = a**2 - 21*a - 248. Determine o(30).
22
Let l(i) = i**2 + 89*i - 475. Calculate l(-94).
-5
Let o(s) = -s**3 - 76*s**2 + 80*s + 183. Determine o(-77).
-48
Let u(t) = t**2 + 24*t - 403. What is u(11)?
-18
Let o(y) = -51*y + 72. What is o(2)?
-30
Let s(p) = 8*p**2 + 178*p + 958. Calculate s(-13).
-4
Let v(o) = -o**3 - 19*o**2 + 86*o + 449. Give v(-22).
9
Let n(y) = -y**3 - 18*y**2 + 39. What is n(-18)?
39
Let u(j) = 7*j**3 + 42*j**2 - 387*j - 22. Give u(-11).
0
Let w(d) = 98*d + 275. Determine w(-3).
-19
Let l(h) = h**3 + 10*h**2 - 14*h + 39. Give l(-10).
179
Let l(q) = 370*q - 9617. Give l(26).
3
Let q(s) = -3*s**2 + 35*s - 38. Determine q(10).
12
Let r(s) = -s**2 + 63*s + 1437. Give r(-18).
-21
Let b(j) = 2*j**3 - 9*j**2 + 8*j - 22. Calculate b(4).
-6
Let h(c) = -c**2 - 623*c + 9566. What is h(15)?
-4
Let t(l) = 8*l**3 + 36*l**2 + l - 30. Calculate t(-4).
30
Let t(g) = g**3 - 25*g**2 - 64*g. Give t(-3).
-60
Let t(x) = -2*x**3 + 207*x**2 + 3685*x + 481. Calculate t(119).
5
Let b(p) = 21*p + 705. Determine b(-35).
-30
Let c(s) = -2*s**2 + 9*s + 9. What is c(9)?
-72
Let h(q) = 73*q - 109. Give h(3).
110
Let p(r) = r**3 + 14*r**2 + 37*r + 55. What is p(-11)?
11
Let n(b) = -2*b**3 + 114*b**2 + 118*b - 10. Calculate n(58).
106
Let u(h) = 67*h - 234. Calculate u(9).
369
Let s(q) = -5720*q + 34305. Determine s(6).
-15
Let p(d) = 17*d - 243. What is p(17)?
46
Let y(r) = 3*r + 27. Determine y(14).
69
Let i(u) = -110*u - 341. Give i(-3).
-11
Let h(w) = w**3 - 33*w**2 + 147*w + 436. Give h(8).
12
Let m(k) = -6*k**2 - 170*k + 46. Give m(-30).
-254
Let o(m) = -242*m + 163. Determine o(0).
163
Let o(l) = -l**2 + 2*l + 42. Calculate o(0).
42
Let z(y) = 17*y + 95. What is z(-7)?
-24
Let f(a) = a**3 + 155*a**2 + 3040*a + 516. Determine f(-132).
-12
Let r(u) = -u**3 - 16*u**2 + 12*u + 61. What is r(-16)?
-131
Let q(m) = 18*m**3 + 4*m**2 - 6*m - 6. Calculate q(-2).
-122
Let a(s) = -2*s**3 - 99*s**2 - 249*s - 653. Calculate a(-47).
5
Let h(l) = -25*l**3 + 2*l + 1. Calculate h(-1).
24
Let k(b) = b**2 - 37*b - 71. What is k(38)?
-33
Let p(n) = 2*n**3 - 13*n**2 - 16*n - 14. Determine p(-4).
-286
Let p(f) = 25*f + 421. Give p(-17).
-4
Let w(k) = 1281*k + 5161. Give w(-4).
37
Let x(p) = 33*p + 691. What is x(-34)?
-431
Let i(t) = t - 23. Give i(-5).
-28
Let g(z) = 2*z**3 - 9*z**2 + 15*z - 7. What is g(5)?
93
Let z(a) = -3*a**3 + 7*a**2 + a + 18. What is z(4)?
-58
Let p(r) = 21*r + 165. Give p(-21).
-276
Let q(p) = -7*p**2 - 4*p + 1. What is q(2)?
-35
Let q(z) = -z**2 + 66*z - 480. What is q(8)?
-16
Let o(i) = -i**3 + 13*i**2 - 9*i + 60. Calculate o(13).
-57
Let k(l) = l**2 - 100*l + 704. Give k(92).
-32
Let q(c) = c**2 + 12*c - 169. Determine q(-20).
-9
Let y(x) = -x**3 - 2*x**2 + 245*x + 498. Give y(-2).
8
Let k(o) = -55*o + 133. What is k(-7)?
518
Let b(u) = u**3 + 49*u**2 - 47*u - 2323. Give b(-49).
-20
Let d(f) = 1812*f**2 - 12696*f + 75. Calculate d(7).
-9
Let k(n) = 2588*n - 49185. Give k(19).
-13
Let r(m) = -162*m - 2604. Determine r(-16).
-12
Let r(g) = 63*g**2 + g - 20. Determine r(0).
-20
Let s(z) = 61*z**3 + 2*z**2 + 8*z + 5. What is s(-1)?
-62
Let g(r) = -135*r - 68. Determine g(-1).
67
Let f(c) = -7*c**2 - 368*c - 1965. Determine f(-6).
-9
Let y(c) = -33*c + 1040. What is y(31)?
17
Let h(l) = l**3 + 9*l**2 + 11*l - 17. What is h(-5)?
28
Let f(v) = -v**3 - 37*v**2 - 339*v - 53. Determine f(-18).
-107
Let f(n) = n**3 - 146*n**2 - 910*n - 311. What is f(152)?
-7
Let p(k) = -6*k**2 - 62*k - 156. Calculate p(-5).
4
Let b(d) = 5*d**2 + 183*d - 78. Calculate b(-37).
-4
Let i(x) = -3*x**3 - x**2 + x + 3. Determine i(2).
-23
Let k(g) = -102*g - 9488. Determine k(-93).
-2
Let r(v) = 2*v**2 - 618*v + 2466. What is r(4)?
26
Let v(a) = 13*a**3 + 9*a**2 + 6*a - 47. Give v(-3).
-335
Let z(h) = -90*h**3 - 7*h - 8. What is z(-1)?
89
Let j(a) = -349*a - 3124. What is j(-9)?
17
Let r(c) = -c**3 + 13*c**2 - 36*c + 44. What is r(10)?
-16
Let o(m) = -20*m + 856. What is o(26)?
336
Let p(n) = 1829*n + 62196. What is p(-34)?
10
Let w(g) = 23*g**3 - 3*g**2 - 30*g - 89. Determine w(-3).
-647
Let d(h) = -4*h**2 - 16*h + 129. Calculate d(4).
1
Let s(r) = -2*r**2 + 4*r - 20. Calculate s(6).
-68
Let o(g) = -928*g - 8365. Determine o(-9).
-13
Let b(r) = 29*r + 2281. Calculate b(-80).
-39
Let k(a) = -39*a**2 - 60*a - 7. Determine k(-1).
14
Let m(s) = 34*s - 533. Determine m(17).
45
Let q(x) = -x**3 + 5*x**2 - 56*x + 326. Calculate q(5).
46
Let j(l) = l**3 + 10*l**2 + 40*l + 7. Calculate j(-9).
-272
Let b(k) = -41*k + 137. Determine b(4).
-27
Let g(w) = -w**3 + 140*w**2 + 131*w + 1389. Give g(141).
-21
Let c(x) = 25056*x + 300668. What is c(-12)?
-4
Let l(q) = 52*q**2 + 56*q - 55. Give l(1).
53
Let z(v) = v**3 - 3*v**2 - 8*v + 19. Determine z(4).
3
Let l(i) = -i**3 - 37*i**2 - 24*i + 221. Give l(-36).
-211
Let i(g) = -2*g**3 - 13*g**2 + 5*g + 25. Give i(-3).
-53
Let a(s) = -14*s**2 + 95*s - 23. Calculate a(6).
43
Let a(j) = -510*j - 34. What is a(-1)?
476
Let h(m) = 3*m**2 + 11*m - 194. Calculate h(-12).
106
Let n(z) = -16*z**2 - 43*z + 42. What is n(1)?
-17
Let a(o) = 75*o + 1546. Give a(-23).
-179
Let a(m) = 130*m - 8672. Give a(67).
38
Let q(v) = -v**3 - 25*v**2 + 223*v - 8. What is q(7)?
-15
Let g(l) = -61*l + 2557. Determine g(41).
56
Let j(v) = -v - 114. Determine j(-4).
-110
Let v(q) = -74*q + 658. Determine v(9).
-8
Let p(i) = i**2 - 461*i + 38117. What is p(353)?
-7
Let p(s) = -5*s**2 + 100*s - 432. Calculate p(15).
-57
Let y(i) = 7*i**3 - 29*i**2 - 15*i + 70. Give y(4).
-6
Let f(z) = -z**3 + 3*z**2 - 14*z + 65. What is f(6)?
-127
Let h(g) = -g**3 + 184*g**2 - 322*g - 7648. Give h(182).
-4
Let c(a) = -a**3 + 10*a**2 + 3*a + 91. Determine c(11).
3
Let f(x) = 2*x**3 - 7*x**2 + 